k + 5*h = -m. Calculate the highest common factor of k and 12.
12
Suppose 0 = 4*m + 5*u - 0*u - 412, 102 = m + u. Suppose 0 = y - 11 - 3. Calculate the highest common divisor of m and y.
14
Suppose -l + 5*k + 40 = 0, -4*l - 5*k + 85 = -25. Calculate the highest common divisor of 20 and l.
10
Suppose 0 = k + t - 4, t = -0*t + 4. Suppose -4*c + 158 - 18 = k. Let f(m) = -7*m - 2. Let i be f(-1). What is the highest common factor of i and c?
5
Let q(h) = 2*h**2 - 2*h - 4. Let k be q(3). Let b be 1*(k + -2 + 1). What is the greatest common divisor of b and 77?
7
Let f be 12/5*(-560)/(-42). Let m = 63 + -15. What is the greatest common divisor of m and f?
16
Let p(m) = 8*m**2 - 2*m + 2. Let l be p(2). Suppose 0*c + c - 2 = 0. Let i = 8 - c. What is the highest common factor of i and l?
6
Suppose -3*w - 5*n - 28 = 0, 2*w = -w + 5*n - 8. Let c(k) = k**2 + 7*k + 10. Let z be c(w). What is the highest common divisor of z and 36?
4
Suppose -o + 20 = -2*i, -4*o + i + 3 = -98. Let v = -6 - -10. Suppose 0 = v*d - 203 + 47. Calculate the highest common factor of o and d.
13
Let g(t) = -t + 4. Let k be g(-7). Calculate the greatest common divisor of 33 and k.
11
Let b = 950 - 648. Suppose -2*u = -b + 68. What is the greatest common factor of u and 13?
13
Let g(f) = -3*f + 3. Let m be g(-6). Suppose -2*l - 2*l + 28 = 0. What is the highest common factor of l and m?
7
Let s(q) = 2*q + 3. Let g be (1/(-2))/(2/36). Let d be s(g). Let a = -9 - d. Calculate the highest common factor of 2 and a.
2
Suppose -6*d - 36 = -8*d. Let l = 36 - d. What is the highest common factor of l and 72?
18
Let f(h) = -h + 3. Let y be f(-6). Calculate the greatest common factor of y and 99.
9
Let u be 33/((-7)/4 + 2). Let l = -10 + 2. Let x be (1*l)/(10/(-15)). What is the greatest common factor of u and x?
12
Let v(b) = b**3 + 2*b**2 - 7*b + 2. Let t be v(-5). Let a = t - -59. Suppose 0 = l + 2*l - 21. What is the greatest common factor of a and l?
7
Suppose 0 = -4*t + 7*t - 54. Calculate the highest common factor of t and 198.
18
Suppose 14 = t - 0*t. Let w(d) = 6*d - 11. Let a be w(9). Let f = 13 + a. What is the greatest common divisor of t and f?
14
Let b(y) = 4*y + 15. Let n be b(-6). Let s(x) = x**3 + 10*x**2 + 6*x - 12. Let p be s(n). Calculate the highest common divisor of 15 and p.
15
Let d be 1 - (3 + -2 + -3). Suppose c - d*c + 8 = 0. What is the highest common factor of c and 4?
4
Let x = 17 - 3. Let v be 9/6*(-12)/(-9). Calculate the greatest common factor of v and x.
2
Let k(x) be the first derivative of x**2 + 6*x - 1. Let u be k(6). Let m = 52 - -2. What is the greatest common factor of m and u?
18
Let k(r) = 3*r**2 + 1. Let g be 1/3 - 11/(-3). Let u be k(g). Calculate the greatest common factor of u and 7.
7
Let u = 237 + -69. Calculate the greatest common divisor of u and 24.
24
Let m(g) = -3*g + 1. Let t be m(-7). Suppose -t = -4*h + 10. Calculate the highest common divisor of 8 and h.
8
Suppose 0*y = 4*y - 2*n - 76, 4 = 2*n. What is the highest common divisor of y and 30?
10
Let g = 26 + -18. Let a(u) = u**3 + 4*u**2. Let x = 0 - 2. Let z be a(x). What is the highest common factor of g and z?
8
Let f be (-8)/((-48)/(-18)) + 49. What is the greatest common divisor of f and 161?
23
Let k(n) = -n**3 - 13*n**2 - 17*n + 5. Let y be k(-12). What is the highest common divisor of y and 5?
5
Let x(f) = -f**3 + 22*f**2 - 7*f - 15. Let b be x(21). What is the greatest common factor of 31 and b?
31
Suppose 0*i - 102 = 3*i. Let w = i + 54. Suppose 2*x + 8 = 0, -5*k + k + 704 = 4*x. What is the highest common divisor of k and w?
20
Suppose 3*l = 55 + 113. Calculate the greatest common factor of l and 7.
7
Suppose -12*a = -105 - 135. Calculate the greatest common divisor of 110 and a.
10
Let q(n) = -n**2 - 9*n - 8. Let m be q(-6). What is the highest common factor of 5 and m?
5
Let t be (-2 + 5)/(6/8). Let k(d) = 2*d**2 - 4*d. Let x be k(t). Calculate the greatest common factor of 176 and x.
16
Let s(x) = x**3 - 5*x**2 + 6*x + 8. Let c be s(6). Let i = -77 + 109. Calculate the greatest common factor of i and c.
16
Let f = 746 - 459. What is the greatest common divisor of 41 and f?
41
Let k(x) = -2*x. Let r be k(-3). Suppose l = -l + r. Suppose -3*b = -2*h - 48, -64 = -4*b - h - l*h. What is the highest common divisor of 176 and b?
16
Let p(j) = j + 43. Let a be p(-16). What is the greatest common factor of a and 216?
27
Let o = -5 - -54. What is the highest common divisor of o and 7?
7
Let m(j) = -2*j + 0 + 0*j + 0*j - 6. Let h be m(-5). Let y(f) = 51*f - 4. Let v be y(h). What is the greatest common divisor of v and 25?
25
Suppose 0 = -3*m - 15, 3*m = n + m - 18. Suppose 20 = 6*r - 4*r - 4*d, -r = -3*d - 14. What is the highest common divisor of r and n?
2
Let n be 1/(1 + -2) + 43. Suppose 2*r + 2 = -0*r. Let a(f) = -5*f + 1. Let d be a(r). What is the highest common factor of d and n?
6
Let h = 6 + -15. Let x(b) = b**2 + 6*b - 6. Let c be x(h). What is the highest common factor of c and 14?
7
Let m(v) = v + 4. Let j be m(-6). Let y(h) = h**3 + 3*h**2 + 2. Let f be y(j). What is the highest common divisor of 66 and f?
6
Suppose 3*t - 3*j = -9, -3*t - j + 7 + 4 = 0. Let y = -3 - -4. Let b be (2 - 0) + -1 + y. Calculate the greatest common factor of t and b.
2
Let v(a) = 3*a**2 + 5*a - 2. Let g be v(-4). What is the greatest common factor of 104 and g?
26
Let n = 84 + -75. Calculate the greatest common divisor of 99 and n.
9
Let a(u) = u - 4 - 2*u**2 - 2*u**2 + 3*u**3 + 0*u**3 + 0. Let v be a(4). Calculate the greatest common divisor of v and 16.
16
Let x = -2 - -14. Let y(z) = -z**2 + 2*z - 1. Let b be y(2). Let v = b + 9. Calculate the highest common factor of v and x.
4
Let f = 4 - -2. What is the highest common divisor of 60 and f?
6
Let j(o) = o**2 - 7. Let d be j(7). Calculate the highest common divisor of d and 28.
14
Let l(f) = -4*f + 45. Let z be l(-29). What is the greatest common factor of 23 and z?
23
Let y = 7 + 3. What is the highest common factor of y and 110?
10
Suppose 0 = -4*z - 5*t + 15, 3*z = 5*z + t - 15. What is the greatest common factor of 110 and z?
10
Suppose -6 - 7 = -b. Let q be (-3 - -20 - 4)/1. Calculate the highest common factor of q and b.
13
Let m(w) be the second derivative of -w**4/12 + 4*w**3/3 + 11*w**2/2 - 3*w. Let g be m(9). Calculate the highest common divisor of g and 14.
2
Let o(j) = 8*j**2 + 5*j - 3. Let c be o(-3). Calculate the greatest common divisor of 27 and c.
27
Let p = 6 - 2. Let s(g) = -14*g + 2. Let v(a) = -a + 1. Let c(l) = -s(l) + 4*v(l). Let w be c(p). Calculate the highest common divisor of 6 and w.
6
Let u = -18 + 36. Let w = 8 - u. Let k be (-2)/(-10) - 78/w. Calculate the greatest common factor of k and 2.
2
Let x = -194 + 281. What is the greatest common divisor of 58 and x?
29
Suppose -31*k = -22*k - 108. Calculate the greatest common factor of k and 12.
12
Let f(z) = -z**2 - 7*z. Let r be f(-5). Let o(v) = v**3 + 5*v**2 + 4*v + 4. Let g be o(-3). Calculate the highest common factor of r and g.
10
Let h(w) = -w**3 + 6*w**2 + 5*w - 10. Let u be h(5). Calculate the highest common factor of u and 10.
10
Let q = 159 + -82. Let p be q/22 - (-2)/4. Suppose -p*n + 40 = -44. What is the greatest common divisor of n and 168?
21
Let x be -3*(-11)/(-9)*3. Let i be x/(-2) + 2/(-4). Suppose -i*q - 5*v = -q - 215, 3*v = 5*q - 315. What is the highest common factor of q and 24?
12
Let a(s) = -s**2 + 16*s + 17. Let j be a(13). Calculate the greatest common factor of j and 7.
7
Let u(c) = -c**3 + 4*c**2 + 5*c + 1. Let t be u(5). Suppose t - 25 = -p. What is the highest common factor of 192 and p?
24
Let j = -15 + 25. Let h = 5 - 1. What is the highest common factor of h and j?
2
Suppose 4*r - 7 - 5 = 0. Suppose -4*t - 4*i + 23 = -9*i, 0 = -t + 3*i - r. Calculate the greatest common factor of t and 60.
12
Suppose -a = -0*a - 12. Let g = -67 + 175. What is the highest common factor of g and a?
12
Let j(a) = 8*a - 3. Let z(h) = h**2 + 6*h + 6. Let n be z(-6). Let w = n - 4. Let i be j(w). Calculate the greatest common factor of i and 91.
13
Let p = -55 + 98. What is the highest common factor of p and 43?
43
Let h = 314 + -34. What is the greatest common factor of 35 and h?
35
Let g = -23 - -33. What is the greatest common factor of g 